2 + 11*j + 11. Let t(v) = -7*a(v) + 6*w(v). Calculate t(b).
-9
Let f(l) = l. Let p(o) = 9*o + 5. Let j(z) = -6*f(z) + p(z). Let b be j(0). Let w(m) = -m + 1 - 2*m**2 + b*m - 2*m. Calculate w(2).
-3
Let w be (-6*2/(-21))/(4/14). Let o be (w - (-6)/(-9))*12/(-8). Let d(q) = -q**3 + q + 1. What is d(o)?
7
Let f be 4*(-9)/((-162)/(-9)). Let p be (5/(15/f))/(50/375). Let a(g) = g**3 + 7*g**2 + 9*g + 1. Give a(p).
6
Let s(y) = 2*y + 3. Let r be s(1). Suppose -9*k + 40 = -r*k. Let c(a) = 2*a - 13. Calculate c(k).
7
Let g(v) be the first derivative of v**6/120 - 7*v**5/60 - v**4/8 - 3*v**3/2 + 62*v**2 + 146. Let l(q) be the second derivative of g(q). Calculate l(8).
31
Suppose 0 = -28*a + 39960 - 39512. Let f = -37 - -59. Let t = f - a. Let x(z) = z**2 - 8*z - 5. Determine x(t).
-17
Let j(z) be the third derivative of -z**6/120 - 8*z**5/15 - 7*z**4/6 + 15*z**3 - z**2 - 2*z - 428. Give j(-31).
-3
Let w(a) = 2*a**3 + 2*a**3 - 3*a**3 + 52*a - 54*a + 1. Suppose 0 = -3*v + 2*v + 11. Let j(t) = t - 9. Let l be j(v). What is w(l)?
5
Let c(r) = r + 6. Let l(y) be the third derivative of -y**6/120 - y**5/30 + 13*y**4/24 - 5*y**3/6 + 18*y**2. Let k be l(-5). Suppose k = -3*t + 20. Give c(t).
11
Let c(s) = -s + 3. Let v = 112 - 108. Suppose 0*x + v*x + 16 = 0. Calculate c(x).
7
Let k(c) = 5*c**2 - 35*c + 13. Let y(u) = 9*u**2 - 61*u + 27. Let s(r) = 7*k(r) - 4*y(r). Let d = -1 - -1. What is s(d)?
-17
Let h(f) = f + 5. Let o(x) = -3*x + 39. Let c be o(-29). Let w = c + -76. Suppose -w - 62 = 16*n. Give h(n).
-2
Suppose -59*j + 205*j + 1569 = -1351. Let k(n) = 4*n**3 - 5*n**3 - 19*n**2 - 36*n + 56*n + 4. What is k(j)?
4
Let m = -75906 - -75916. Let v(f) = 4*f**2 - 11*f + 13. Let o(u) = u**2. Let t(d) = -3*o(d) + v(d). Calculate t(m).
3
Let j(d) = -5 + 17*d**2 + 0 - d - 44*d**2 + 13*d**2 + 15*d**2. Determine j(6).
25
Let k(l) = 8*l - 51. Let p = -10383 - -10387. What is k(p)?
-19
Let s(t) = 134*t**2 - 34. Let p(z) = 11*z**2 + z - 1. Let u(o) = -12*p(o) + s(o). Give u(8).
10
Let z(j) = -14*j - 34. Let y(v) = 2*v + 2. Let g(l) = -6*y(l) - z(l). Let w be g(-13). Let d(i) = -4 + 3*i**3 - 6*i - 5*i**2 - 7*i**3 + 3*i**3. Calculate d(w).
4
Suppose 18*p - 24 = 6*p. Let u(y) = 2*y**2 - 9*y + 14. Let f be u(p). Let c(w) = 0*w - 3*w - 3 + 4*w**2 + 2 - w**3. Determine c(f).
-13
Let t(s) be the third derivative of s**4/8 - 7*s**3/6 - 4*s**2. Suppose -3*z = 5*g - 12, -9 - 11 = 5*z - 5*g. Let r be (z/(-3))/(8/120). Calculate t(r).
8
Let u(q) = 0*q + 9 - 3*q + 2*q. Suppose -246*p = -157*p + 336 + 554. Determine u(p).
19
Let p = -142 + 162. Let c be (176/p)/11*10. Let t(j) = 4*j + 5. Determine t(c).
37
Let z(g) = -43 + 17 - 4*g + g**2 + 24 - g**3 - 6*g**2. Give z(-5).
18
Let s(t) be the second derivative of -t**3/3 - 2*t**2 + 5*t + 3. Let h be (-10)/(-10) - (-1 - 0) - 0. Calculate s(h).
-8
Suppose -2*j - 5*a + 27 = 0, -3*j = 4*a - 9 - 42. Let n(k) = -42*k + 12*k + j + 13*k + 16*k. Calculate n(17).
4
Let j(u) = -u**2 - 12*u - 7. Let x(v) = v**2 - 7*v - 14. Let t be x(12). Let b = t + -48. Let d be 22/(-1*(b + 4)). Give j(d).
4
Let h be 4 - 3 - -1*7. Let l(p) = -p**2 - 2*p + 6*p - h + 15. Let i = 9943 + -9937. Calculate l(i).
-5
Let f(q) = -126 + 56391*q + 172 - 56406*q + 159. What is f(13)?
10
Suppose z + 8 = 126. Let y = -12 + z. Let b be y/(-22) + (-4)/22. Let s(k) = k + 2. Give s(b).
-3
Let g(m) = -m**2 - 13*m - 12. Suppose -3*q = -4*v - 4, 0*v = -q - 2*v + 8. Suppose -2 = 12*k - 10*k + q*y, 5*k + 60 = y. Calculate g(k).
10
Let n(k) = -1 - k + 3*k - k. Let j be (-387)/(-6)*(3 + -1). Let p = j - 133. Determine n(p).
-5
Let a = 15035 + -15037. Let x(c) = 12*c + 1. Give x(a).
-23
Let l(s) = -s**2 + 8*s + 12. Let f be l(9). Let c(d) = 30*d - 8*d**2 + 3*d**3 - 8*d**3 + 6*d**f - 22*d. What is c(6)?
-24
Let s(w) = -3*w - 113. Suppose -5*x - 4*j - 149 = 0, 155*x = 152*x - 3*j - 90. Calculate s(x).
-26
Let t(o) = o**3 + 7*o**2 + 7*o - 1. Let n(p) = -2*p**2 + 37*p - 16. Let g be n(18). Suppose g*q - 8 = 5*a, 2*a + a + 24 = -2*q. Give t(q).
-7
Let d(p) be the second derivative of 1/12*p**4 + 2*p**2 + 1/20*p**5 - 1/3*p**3 - 8 + 5*p. What is d(-3)?
-8
Let f(a) = a**3 - 7*a**2 + 7*a - 8. Let g = -166 - -168. Suppose -3*j + o + 10 + 10 = 0, 3*o - 6 = -g*j. Calculate f(j).
-2
Let j(a) be the first derivative of -1/3*a**3 + 31 - 5*a - 7/2*a**2. What is j(-7)?
-5
Let j(n) be the second derivative of 13*n**3/6 + 7*n**2 + 188*n - 3. Give j(-4).
-38
Suppose 5*f + 6 = 36. Let h(k) be the third derivative of k**6/120 - 7*k**5/60 + 7*k**4/24 - k**3/6 - 9*k**2 - 3*k - 13. Give h(f).
5
Suppose -6*z - 60 = -204. Let l be (-132)/z*12/(-33). Let u(c) = 5*c**2 - 1. Calculate u(l).
19
Let a be (-36)/21*(-14)/4. Let p(w) = w**2 - 4*w - 19. Let y(v) = -v**2 + 4*v + 17. Let l(u) = a*p(u) + 7*y(u). Determine l(5).
0
Suppose r - 14*r = -52. Let h(m) be the third derivative of 1/30*m**5 + 1/8*m**r + 0*m - 4*m**2 - 1/120*m**6 + 0 - 1/2*m**3. Determine h(3).
-3
Let n(l) = -l**2 - 5*l - 1. Let p be (-18)/(-24) + 5/4. Suppose 6 = 3*f, -p*h + 4*f = f - 64. Suppose 4*s + h = -3*s. What is n(s)?
-1
Let h(z) = -2*z**2 + 1. Let v be h(-1). Let a(r) = -3*r**3 - 2*r**2 + r + 2. Let t be a(v). Let s be (12/21)/(t/(-7)). Let k(b) = 4*b. Calculate k(s).
-8
Let h(j) be the third derivative of -j**6/120 + j**5/10 + 5*j**4/24 - 2*j**3/3 - 23*j**2 + 2*j. What is h(7)?
-18
Let h be 4*30/(-96)*-4. Let k be -10 + 15/h + 5. Let x(g) = -g**3 + 4*g**2 + 4*g + 2. Give x(k).
18
Let m(q) = 2*q**3 + 19*q**2 + 5*q - 34. Suppose h + l + 10 = 0, 0 = -4*h - 2*l + 843 - 881. Determine m(h).
2
Let p(b) = 2*b - 2. Let x be p(2). Let l = -77 - -89. Let g(a) = 8*a + l*a + 0 - 2 - 22*a. Give g(x).
-6
Let h = -3986 + 3994. Let x(q) = -q**3 + 8*q**2 + 2*q - 19. Calculate x(h).
-3
Let p = 12 - 13. Let t(l) = -35*l**2 - 5*l. Let c(b) = 12*b**2 + 2*b. Suppose 40 = -18*f + 13*f. Let w(z) = f*c(z) - 3*t(z). Give w(p).
10
Suppose 2*k + 0*k = 2*f + 14, 0 = -4*f - 4*k + 12. Let b be (-26)/(-6) + f/6. Let r(m) be the third derivative of m**4/24 - 2*m**3/3 + m**2 + 6. Calculate r(b).
0
Suppose -5*b + 2*l + 4 = 0, -b - 3*b - 5*l = 10. Let p(w) = w - 2*w + b*w. Suppose 0 = -3*s + 6*v + 72, s + 1142*v - 1146*v - 44 = 0. Calculate p(s).
-4
Let o(w) = -w**2 + 16*w + 25. Let h = -12362 + 12378. Determine o(h).
25
Let f(q) = -q**3 - 5*q**2 + 7*q - 7. Let c = 16 + -16. Suppose 5*h = 4*l - 3*l + 15, 4*l - 20 = c. Suppose 0 = -h*v + 11*v + 42. Determine f(v).
-13
Let c(k) = -2*k**2 - 1. Let r be c(-1). Let p(a) be the first derivative of -3*a**2 - a - 4316. Determine p(r).
17
Let a(g) = g**3 + 2*g**2 - 8*g + 10. Let l(z) = -2*z**3 - z. Let p(f) = a(f) + l(f). Let b be p(2). Let u(w) = -w**2 - 11*w - 11. Determine u(b).
13
Let v be ((-3)/6*0)/(-1). Let q(x) = -485 - 486 - x + 982. Calculate q(v).
11
Let f(t) be the second derivative of 3*t**5/20 + t**4/6 + t**3/2 + t**2 - 33*t. Let v(q) = -q**2 + 3*q + 268. Let b be v(-15). Give f(b).
-20
Suppose 3*t - w - 31 = 0, 27*w + 16 = 23*w. Let y(c) = -c**3 + 9*c**2 + 2*c - 28. Determine y(t).
-10
Let i(z) be the first derivative of -1/3*z**3 + 40 + z - 3/2*z**2. What is i(-2)?
3
Let l(d) = d**2 - 5. Let o(f) = 4*f - 31. Let r be o(9). Suppose r*i = -2*i. Let a be l(i). Let t(p) = -p**3 - 6*p**2 - 5*p + 2. Give t(a).
2
Let b(k) = 21027*k**2 + 19 + 36*k - 10510*k**2 - 10515*k**2. Give b(-17).
-15
Let h(c) be the second derivative of -c**4/12 + 17*c**3/6 + 21*c**2 - 6969*c. Determine h(20).
-18
Let v(x) = 2*x**3 - 13*x**2 + 28*x - 62. Let r be v(5). Let i(t) = t**2 - 5*t + 6. What is i(r)?
0
Let n(p) be the third derivative of -1/6*p**3 + 0 + 0*p + 0*p**4 - 19/60*p**5 - 13*p**2. Let u = -365 + 364. What is n(u)?
-20
Let q(v) be the second derivative of -v**3/6 + 6*v**2 - 94*v - 5. Determine q(1).
11
Let c(u) = -31*u**2 - 30*u - 1. Let l(h) = -2*h**2. Let g(n) = c(n) - 13*l(n). What is g(-6)?
-1
Let o(t) = 7*t**2 + 69*t - 10. Let b be o(-7). Let j = b + 153. Let a(c) = -c**3 + 3*c**2 + 3*c. What is a(j)?
9
Suppose 3*a = 55 + 191. Suppose 2*q - 3*o + a = -0*o, 52 = -q - 4*o. Let d = 39 + q. Let c(t) = t**2 + 6*t + 4. Give c(d).
-1
Let v(s) = s**3 + 5*s**2 - s - 7. Let a be (-86)/(-4) + (-3)/(0 + 6). Let t = a - 5. Suppose -2*h = -2*d + 4, -t = 2*h + d + d. Give v(h).
-2
Let o = 190 - 198. Let r = o + 13. Let y(w) = -w**2 + 3*w + 7. D